{"id":1310,"date":"2020-12-15T13:35:59","date_gmt":"2020-12-15T13:35:59","guid":{"rendered":"https:\/\/www.hethertendal.be\/?page_id=1310"},"modified":"2022-02-10T10:16:53","modified_gmt":"2022-02-10T10:16:53","slug":"zeep-en-shampoo-bar","status":"publish","type":"page","link":"https:\/\/www.hethertendal.be\/index.php\/zeep-en-shampoo-bar\/","title":{"rendered":"Zeep en Shampoo bar"},"content":{"rendered":"\t\t<div data-elementor-type=\"wp-page\" data-elementor-id=\"1310\" class=\"elementor elementor-1310\" data-elementor-post-type=\"page\">\n\t\t\t\t\t\t<section class=\"elementor-section elementor-top-section elementor-element elementor-element-c69d54f elementor-section-boxed elementor-section-height-default elementor-section-height-default\" data-id=\"c69d54f\" data-element_type=\"section\" data-e-type=\"section\">\n\t\t\t\t\t\t<div class=\"elementor-container elementor-column-gap-default\">\n\t\t\t\t\t<div class=\"elementor-column elementor-col-100 elementor-top-column elementor-element elementor-element-a626aba\" data-id=\"a626aba\" data-element_type=\"column\" data-e-type=\"column\">\n\t\t\t<div class=\"elementor-widget-wrap elementor-element-populated\">\n\t\t\t\t\t\t<div class=\"elementor-element elementor-element-014c0fa elementor-widget elementor-widget-spacer\" data-id=\"014c0fa\" data-element_type=\"widget\" data-e-type=\"widget\" data-widget_type=\"spacer.default\">\n\t\t\t\t<div class=\"elementor-widget-container\">\n\t\t\t\t\t\t\t<div class=\"elementor-spacer\">\n\t\t\t<div class=\"elementor-spacer-inner\"><\/div>\n\t\t<\/div>\n\t\t\t\t\t\t<\/div>\n\t\t\t\t<\/div>\n\t\t\t\t<div class=\"elementor-element elementor-element-3e57b8f elementor-widget elementor-widget-heading\" data-id=\"3e57b8f\" data-element_type=\"widget\" data-e-type=\"widget\" data-widget_type=\"heading.default\">\n\t\t\t\t<div class=\"elementor-widget-container\">\n\t\t\t\t\t<h2 class=\"elementor-heading-title elementor-size-default\">HANDGEMAAKTE ZEEP EN SHAMPOO<\/h2>\t\t\t\t<\/div>\n\t\t\t\t<\/div>\n\t\t\t\t<div class=\"elementor-element elementor-element-4a3eab2 elementor-widget elementor-widget-text-editor\" data-id=\"4a3eab2\" data-element_type=\"widget\" data-e-type=\"widget\" data-widget_type=\"text-editor.default\">\n\t\t\t\t<div class=\"elementor-widget-container\">\n\t\t\t\t\t\t\t\t\t<p>Wij werken samen met een artisanaal zeepbedrijfje. Zo hebben wij gepersonaliseerde en heel kwaliteitsvolle handgemaakte zeep en shampoobars in het thema van onze B&amp;B en met geuren uit de omgeving beschikbaar. Omdat er een aantal gasten deze zo fijn vinden, bieden wij de zeep en shampoo ook te koop aan.<\/p><p>Niet alleen omdat ze zo lekker ruiken of omdat ze duurzaam zijn, maar deze zepen en shampoobars zijn via een natuurlijke manier gemaakt en van hoge kwaliteit. Via een koudproces zeepmethode wordt het basismengsel van plantaardige oli\u00ebn en vetten, natriumhydroxide, water, natuurlijke voedingsstoffen en etherische oli\u00ebn aan elkaar geroerd. Afgezien van de zachte warmte die nodig is om de oli\u00ebn aan het begin van het proces te smelten, wordt er geen extra warmte geleverd en wordt de glycerine &#8211; die er vaak uitgehaald wordt bij industriele zepen om dagcremes te maken &#8211; terug in de zeep geroerd terwijl de saponificatiereactie plaatsvindt. Dit zorgt voor die superieure en zachte zeep die ook nog eens goed is voor de huid en het lichaam.<\/p><p>Afhankelijk van het type zeep bevatten ze een mengsel van ingredi\u00ebnten uit de volgende lijst: gezuiverd water, olijf-, kokos- en palmolie, andere vaste oli\u00ebn zoals abrikozenpit, avocado, jojoba, hennep of zoete amandel, voedingsstoffen zoals sheaboter, bijenwas en cacaoboter, essenti\u00eble oli\u00ebn voor hun glorieuze geuren en een scala aan pigmenten voor kleur. Vaak worden er andere ingredi\u00ebnten toegevoegd, zoals bloemetjes in poedervorm of bladeren, havermout, honing of kaolien, en we hebben er ook met de geur van het plaatselijk bier.<\/p>\t\t\t\t\t\t\t\t<\/div>\n\t\t\t\t<\/div>\n\t\t\t\t<div class=\"elementor-element elementor-element-761c0b3 elementor-widget elementor-widget-spacer\" data-id=\"761c0b3\" data-element_type=\"widget\" data-e-type=\"widget\" data-widget_type=\"spacer.default\">\n\t\t\t\t<div class=\"elementor-widget-container\">\n\t\t\t\t\t\t\t<div class=\"elementor-spacer\">\n\t\t\t<div class=\"elementor-spacer-inner\"><\/div>\n\t\t<\/div>\n\t\t\t\t\t\t<\/div>\n\t\t\t\t<\/div>\n\t\t\t\t\t<\/div>\n\t\t<\/div>\n\t\t\t\t\t<\/div>\n\t\t<\/section>\n\t\t\t\t<section class=\"elementor-section elementor-top-section elementor-element elementor-element-805a1ce elementor-section-boxed elementor-section-height-default elementor-section-height-default\" data-id=\"805a1ce\" data-element_type=\"section\" data-e-type=\"section\">\n\t\t\t\t\t\t<div class=\"elementor-container elementor-column-gap-default\">\n\t\t\t\t\t<div class=\"elementor-column elementor-col-100 elementor-top-column elementor-element elementor-element-50d160d\" data-id=\"50d160d\" data-element_type=\"column\" data-e-type=\"column\">\n\t\t\t<div class=\"elementor-widget-wrap elementor-element-populated\">\n\t\t\t\t\t\t<div class=\"elementor-element elementor-element-e8fbbeb elementor-widget elementor-widget-spacer\" data-id=\"e8fbbeb\" data-element_type=\"widget\" data-e-type=\"widget\" data-widget_type=\"spacer.default\">\n\t\t\t\t<div class=\"elementor-widget-container\">\n\t\t\t\t\t\t\t<div class=\"elementor-spacer\">\n\t\t\t<div class=\"elementor-spacer-inner\"><\/div>\n\t\t<\/div>\n\t\t\t\t\t\t<\/div>\n\t\t\t\t<\/div>\n\t\t\t\t\t<\/div>\n\t\t<\/div>\n\t\t\t\t\t<\/div>\n\t\t<\/section>\n\t\t\t\t<\/div>\n\t\t","protected":false},"excerpt":{"rendered":"<p>HANDGEMAAKTE ZEEP EN SHAMPOO Wij werken samen met een artisanaal zeepbedrijfje. Zo hebben wij gepersonaliseerde en heel kwaliteitsvolle handgemaakte zeep en shampoobars in het thema van onze B&amp;B en met geuren uit de omgeving beschikbaar. Omdat er een aantal gasten deze zo fijn vinden, bieden wij de zeep en shampoo ook te koop aan. Niet [&hellip;]<\/p>\n","protected":false},"author":2,"featured_media":0,"parent":0,"menu_order":0,"comment_status":"closed","ping_status":"closed","template":"","meta":{"footnotes":""},"class_list":["post-1310","page","type-page","status-publish","hentry"],"_links":{"self":[{"href":"https:\/\/www.hethertendal.be\/index.php\/wp-json\/wp\/v2\/pages\/1310","targetHints":{"allow":["GET"]}}],"collection":[{"href":"https:\/\/www.hethertendal.be\/index.php\/wp-json\/wp\/v2\/pages"}],"about":[{"href":"https:\/\/www.hethertendal.be\/index.php\/wp-json\/wp\/v2\/types\/page"}],"author":[{"embeddable":true,"href":"https:\/\/www.hethertendal.be\/index.php\/wp-json\/wp\/v2\/users\/2"}],"replies":[{"embeddable":true,"href":"https:\/\/www.hethertendal.be\/index.php\/wp-json\/wp\/v2\/comments?post=1310"}],"version-history":[{"count":5,"href":"https:\/\/www.hethertendal.be\/index.php\/wp-json\/wp\/v2\/pages\/1310\/revisions"}],"predecessor-version":[{"id":2451,"href":"https:\/\/www.hethertendal.be\/index.php\/wp-json\/wp\/v2\/pages\/1310\/revisions\/2451"}],"wp:attachment":[{"href":"https:\/\/www.hethertendal.be\/index.php\/wp-json\/wp\/v2\/media?parent=1310"}],"curies":[{"name":"wp","href":"https:\/\/api.w.org\/{rel}","templated":true}]}}